 Determine w(0).
11
Let o(u) = -u**3 - 6*u**2 - 5*u - 1. Suppose 2*h - h + 5 = 0. Give o(h).
-1
Let n be 0 + (-1 + 4 - 2). Let i(s) = 4*s**3 + 2*s - 1. Determine i(n).
5
Let g(h) be the third derivative of h**4/24 + 3*h**3/2 + 12*h**2. Give g(0).
9
Let v(d) = 5*d. Let b(r) = 2*r + 1. Let q be b(-1). Calculate v(q).
-5
Let x be (16/(-10))/(119/(-35) - -3). Let u(g) = g - 8. Give u(x).
-4
Let n = 28 - 28. Let j(k) = 10 - k**3 - 5 - 2*k + 3*k. What is j(n)?
5
Suppose -2*c + 0*c - m = -2, c - 4*m + 8 = 0. Let x be 1 + -2 + c + 2. Let f(a) = -5*a**3. What is f(x)?
-5
Let z(o) = -3*o - 1. Let v(d) = -3*d. Let g be v(-1). Suppose 0*q + q - 5*y = 13, g*q + 5*y = -21. What is z(q)?
5
Let c(d) = d + 2. Let l(s) = -6*s. Let h be l(1). Let y be (-2)/3*-1*6. Let i = y + h. Calculate c(i).
0
Let n(j) = 7*j - 27. Let h(c) = 7*c - 27. Let l(u) = 3*h(u) - 2*n(u). Let i(q) = -3*q + 13. Let r(k) = -5*i(k) - 2*l(k). What is r(6)?
-5
Let q(w) = -w - 1. Suppose -2*g - s + 5 = 0, -4*s = -g + 4*g - 10. What is q(g)?
-3
Suppose 5 = 2*g - 3*a, g - 6*a + a + 1 = 0. Let j(h) = 2 + 3*h + 2 - g*h. Calculate j(-5).
9
Let j(n) = n**3 + n**2 - 4*n + 4. Let x(z) = -3*z**3 - 4*z**2 + 11*z - 13. Let a(h) = -17*j(h) - 6*x(h). Determine a(-7).
-4
Let j(v) be the third derivative of -v**4/6 - 5*v**3/6 + 6*v**2. Calculate j(-4).
11
Let h(p) = -p**3 + 5*p**2 + p + 5. Let n be (3 + 3)/3*2. Let z = 17 - 12. Suppose z*w + n*g = 41, 3*g - 5*g + 8 = 0. Determine h(w).
10
Let p(g) = -6*g - 1. Let z = 1 - -4. Suppose -z*o = 2 + 3. Calculate p(o).
5
Let u(r) = r**2 - r - 10. Let s be ((-21)/18 + (-4)/(-6))*0. Determine u(s).
-10
Let i(b) = 34*b**3 + 16*b. Let d(j) = 11*j**3 + 5*j. Let z(u) = -16*d(u) + 5*i(u). Suppose 0*v + 3*v - 8 = -5*h, 0 = -3*h - 5*v + 8. Give z(h).
-6
Let u(o) = -2*o - 9. Let l(a) = -a**3 - 12*a**2 + 13*a - 6. Let d be l(-13). Determine u(d).
3
Let i(k) = -3*k**3 + k**2 + 3*k + 4. Let r(b) = b**3 - b**2 - b - 1. Let z(v) = -i(v) - 2*r(v). Suppose -3*l + l + 15 = 5*j, 3*l = -2*j + 6. Calculate z(l).
-2
Let l(p) = p - 25 + 9 + 4*p**2 + 9 + 11 + p**3. What is l(-3)?
10
Let t(z) = -z + 9. Let w be t(0). Let a(f) = f**2 - 10*f + 6. Give a(w).
-3
Let x(v) be the first derivative of v**2/2 - 3*v + 9. Give x(-3).
-6
Let f = 5 + -3. Suppose 4 = -4*v + p - f*p, 2*p = v - 8. Let d(t) = t + 9. What is d(v)?
9
Let d = -132 - -140. Let r(y) = -y**2 + 7*y + 7. What is r(d)?
-1
Let f(a) be the third derivative of a**4/24 + a**3/2 - a**2. Let h = 17 + -4. Let j = h + -13. Calculate f(j).
3
Let w(a) be the second derivative of a**4/12 + 5*a**3/6 - 5*a**2/2 + 2*a. Let q(d) = d**2 + 5*d - 4. Let m(p) = -5*q(p) + 4*w(p). Determine m(-4).
4
Let u(x) = -8 + x + 10 + x - 6*x + x**2. What is u(5)?
7
Let h(x) be the third derivative of -x**5/60 + x**4/24 - x**3/3 + 5*x**2. Let z = 1 + 4. Suppose 5*p = 5 + z. Determine h(p).
-4
Suppose d = -2*c, 5*c + 1 = -0*c - 2*d. Let o(n) be the third derivative of -n**4/12 + n**3/6 - 13*n**2 + 5*n. Determine o(c).
3
Let w(b) be the third derivative of -7*b**6/720 + b**4/24 + b**2. Let s(a) be the second derivative of w(a). Let y be 0 + (-12)/(-15) - 11/(-55). Give s(y).
-7
Let f(x) be the first derivative of -x**4/4 + 5*x**3/3 + 3*x**2/2 - 5*x - 24. Suppose 2*n + 6 = -2*b - 2*n, 0 = -5*b + 5*n + 45. What is f(b)?
10
Let z(h) = h - 9. Let v be z(8). Let t(d) = d + 1. Let q(k) = -5*k + 1. Let w(n) = v*q(n) - 6*t(n). Suppose 4*r = -0*r. Determine w(r).
-7
Let z be (-14)/35 - 13/(-20). Let l(w) be the first derivative of -w**2 - 4/3*w**3 + 1 - z*w**4 - 4*w. What is l(-4)?
4
Let f be (-64)/(-10) - 6/15. Let l be 3/2*20/f. Let s(x) be the second derivative of -x**4/12 + 5*x**3/6 - 3*x**2/2 - 2*x. Determine s(l).
-3
Let c be -3 - -1 - (2 - 2). Let s be -5 + (-2 - c) + 2. Let f(w) = w + 0*w + 0*w. What is f(s)?
-3
Let s(v) = -v**3 - 4*v**2 + 4*v - 7. Let a(w) = 7*w**3 + w + 1. Let z(u) = -8*u**3 - u**2 - 2. Let j(l) = -7*a(l) - 6*z(l). Let f be j(5). What is s(f)?
-2
Let z(b) be the second derivative of b**8/1344 + b**5/120 - b**4/4 + 2*b. Let y(d) be the third derivative of z(d). Determine y(-1).
-4
Let h(v) be the second derivative of v**4/6 + 7*v**3/6 + v**2 + 11*v. Give h(-5).
17
Let q(b) = b**3 + 13*b**2 - 13*b + 19. Let w be q(-14). Let r(i) = i - 1. Let y(l) = 4*l - 2. Let s(g) = -5*r(g) + y(g). What is s(w)?
-2
Suppose -2*k - 13 + 2 = 3*z, -5 = z. Let m(n) = -n**3 + 2*n**2 - n + 1. Determine m(k).
-1
Let y(v) = -2*v**2 + 1 - 3 - 19*v + 14*v. Determine y(-4).
-14
Let r(b) = -7*b**3 - 2*b**2 + b - 5. Let a(k) = 1. Let l(p) = 5*a(p) + r(p). Calculate l(1).
-8
Let l be 12/(-4) + 4 + -3. Let m(a) be the first derivative of -a**3/3 - 3*a**2/2 - a + 2. Determine m(l).
1
Let w(k) = -2*k**3 + 2 + 2*k**2 + k**3 - 5*k + 3*k**2. What is w(4)?
-2
Let f(g) be the third derivative of -g**4/24 - g**3/6 + 2*g**2. What is f(3)?
-4
Let b(g) be the second derivative of -g**4/12 - g**3 - 2*g**2 - 12*g. What is b(-5)?
1
Let s(b) be the second derivative of -b**3/3 + b**2/2 + 5*b. Calculate s(-2).
5
Let x(l) = -l - 4. Suppose 4*z = -7 - 1. What is x(z)?
-2
Let b(o) = -189*o - 1 + 188*o - 2. Give b(-6).
3
Let x(s) be the third derivative of -1/24*s**4 - 1/60*s**5 - 3*s**2 + 0*s + 0*s**3 + 0. Give x(0).
0
Let y = -1 + 5. Suppose -2*k + 5*z = -k, -z + 21 = y*k. Suppose k*d - v = d - 9, 3*d - 4*v = 3. Let g(a) = a**3 + 4*a**2 + a - 2. Determine g(d).
4
Let a(u) = -4*u + 7*u - 29 - 38 + 69. Calculate a(3).
11
Let c(g) = -g**3 - 4*g**2 + 3*g - 2. Let o be (-2 - 1) + 11 - 2. Let v be (4/(-5))/(o/30). Calculate c(v).
-14
Let l(t) = -t + 7. Let h be l(5). Suppose 0*g + 6 = h*g. Suppose -g = -2*o + 4*k - 1, 0 = 3*o + k - 3. Let j(a) = -9*a - 1. Determine j(o).
-10
Let p(y) = y**3 + 3*y**2 - 5*y - 6. Let n be 14/(-18)*-3*-3. Let g be 0 + 4 + -1 + n. Give p(g).
-2
Let n(c) = 0*c - 2 + 0*c + c + 5. Determine n(6).
9
Let k(z) = -17*z**2 - 7*z - 15. Let b(h) = -6*h**2 - 2*h - 5. Let s(l) = -11*b(l) + 4*k(l). Suppose -8*i + 6*i + 4*p = 12, 3*p = i + 7. Determine s(i).
-13
Let q(n) = 4*n**2 - 3*n**2 - n**3 - 3*n**2 - 2*n**2 - 2*n - 3. Calculate q(-3).
-6
Let m(a) be the third derivative of a**6/120 - a**5/30 - a**4/12 + a**3/3 - 11*a**2. Calculate m(3).
5
Let r(z) = -z - 1. Let i be (-3)/(-3) + 3 - 6. Give r(i).
1
Let l(o) = 13*o**2 - 5*o - 1. Let n(t) = -38*t**2 + 14*t + 3. Suppose s = 5*r - 2*s - 70, -2*r + 2 = 4*s. Let y(j) = r*l(j) + 4*n(j). Give y(-1).
-9
Let k(d) = -d - 4. Let l(n) = n + 3. Let z(c) = -4*k(c) - 5*l(c). Let m be (-4)/(3*-1 - -1). Suppose -14 = -4*a - m*t, -5*t - 7 - 23 = -3*a. Determine z(a).
-4
Let v(p) = 4*p**2 - 10*p. Let d(k) = 5*k**2 - 11*k - 1. Let u(z) = 5*d(z) - 6*v(z). Give u(-5).
-5
Let o(t) = -7 + 5*t - 11*t + 7*t. Calculate o(0).
-7
Suppose -2*g + 5*g = 0. Let b = 3 + 0. Let p(n) = 2*n**3 - b*n**3 - 2 + 7. What is p(g)?
5
Let z(a) = 3*a + 1. Let n(g) be the third derivative of g**4/6 + g**3/3 + 7*g**2. Let u(m) = -4*n(m) + 5*z(m). Give u(3).
-6
Let f(g) be the first derivative of g**3 - g**2 - 2. Let x be 1/(4*4/32). What is f(x)?
8
Let l(s) = -s. Let h = 8 - 12. Determine l(h).
4
Let r(m) be the third derivative of -2*m**2 + 1/6*m**3 + 1/20*m**5 - 1/24*m**4 + 0 - 1/360*m**6 + 0*m. Let u(l) be the first derivative of r(l). What is u(5)?
4
Let v = -1 + 1. Let i = 3 + -4. Let d = i - v. Let b(w) = -w**3. Determine b(d).
1
Let x be 165/44 + 2/8. Let h be (30/12)/(2/x). Let u(z) = -z**3 + 6*z**2 - 6*z + 4. What is u(h)?
-1
Let o(k) = -k**2 + 9*k - 4. Let g be o(8). Suppose g*q - 14 = 3*p - 0, 5*q + 17 = -2*p. Let c(w) = w**3 + 7*w**2 + 4*w - 5. Give c(p).
7
Let r(t) be the second derivative of 13*t**5/20 - t**4/12 + 9*t. Suppose 4*c = -l + 2, 5*l = 4*c - 5*c - 9. Give r(c).
12
Suppose 5*y + 11 = -s + 29, 3*y = -s + 14. Let i = s + -5. Let m(p) = p**3 - 4*p**2 + 3*p + 1. Calculate m(i).
1
Let c = 11 - 5. Suppose -h = h + c. Let u(a) = -a**3 - a**2 + 4*a. Determine u(h).
6
Let y be ((-10)/4 - -2)*6. Let h(m) = -2*m + 7. Let o be h(3). Let v = o - y. Let p(k) = -3*k + 2. Calculate p(v).
-10
Suppose -3*w - 5*l - 13 = 0, -l + 0 = w + 1. Let a = 1 - w. Let t(i) = -2*i - 2. Give t(a).
4
Let v(f) = -7*f**2 + 17*f - 1. Let m(b) = -4*b**2 + 9*b - 1. Let d(x) = 5*m(x) - 3*v(x). Let h(j) be the first derivative of d(j). Calculate h(4).
2
Suppose 0 = -0*y + 4*y - 4. Let a(s) 